{"id":14,"date":"2018-06-04T22:30:05","date_gmt":"2018-06-04T20:30:05","guid":{"rendered":"http:\/\/guinguettedesingles.org\/?page_id=14"},"modified":"2025-01-23T11:53:55","modified_gmt":"2025-01-23T10:53:55","slug":"acces","status":"publish","type":"page","link":"https:\/\/guinguetteetc.com\/index.php\/acces\/","title":{"rendered":"Acc\u00e8s"},"content":{"rendered":"<p>Depuis 2022 notre saison culturelle est itin\u00e9rante sur le territoire du Sancy. Les lieux seront indiqu\u00e9s dans l&rsquo;onglet programmation.<\/p>\n<p>Un lieu se met \u00e0 disposition pour la Guinguette Etc<\/p>\n<p>C&rsquo;est Oustouilloux &#8211; 17 route de Mandrin \u00e0 Larodde ( \u00e0 mi-chemin entre Singles et Larodde )<\/p>\n<p>Le territoire de la Guinguette se situe \u00e0 autour de Tauves, entre Bort les Orgues, Ussel, La Bourboule\/Mont Dore, Chastreix&#8230;.<\/p>\n<p><a href=\"http:\/\/guinguettedesingles.org\/wp-content\/uploads\/2019\/03\/LOUPGUINGUETTE.jpg\"><img loading=\"lazy\" class=\"alignnone size-medium wp-image-150\" src=\"http:\/\/guinguettedesingles.org\/wp-content\/uploads\/2019\/03\/LOUPGUINGUETTE-300x218.jpg\" alt=\"\" width=\"300\" height=\"218\" srcset=\"https:\/\/guinguetteetc.com\/wp-content\/uploads\/2019\/03\/LOUPGUINGUETTE-300x218.jpg 300w, https:\/\/guinguetteetc.com\/wp-content\/uploads\/2019\/03\/LOUPGUINGUETTE-768x558.jpg 768w, https:\/\/guinguetteetc.com\/wp-content\/uploads\/2019\/03\/LOUPGUINGUETTE-1024x744.jpg 1024w\" sizes=\"(max-width: 300px) 100vw, 300px\" \/><\/a><\/p>\n","protected":false},"excerpt":{"rendered":"<div class=\"slide-text-bg2\"><span>Depuis 2022 notre saison culturelle est itin\u00e9rante sur le territoire du Sancy. Les lieux seront indiqu\u00e9s dans l&rsquo;onglet programmation. Un lieu se me<\/span><\/div>\n<div class=\"slide-btn-area-sm\"><a href=\"https:\/\/guinguetteetc.com\/index.php\/acces\/\" class=\"slide-btn-sm\">Lire la suite<\/a><\/div>\n","protected":false},"author":1,"featured_media":0,"parent":0,"menu_order":6,"comment_status":"closed","ping_status":"closed","template":"fullwidth.php","meta":[],"_links":{"self":[{"href":"https:\/\/guinguetteetc.com\/index.php\/wp-json\/wp\/v2\/pages\/14"}],"collection":[{"href":"https:\/\/guinguetteetc.com\/index.php\/wp-json\/wp\/v2\/pages"}],"about":[{"href":"https:\/\/guinguetteetc.com\/index.php\/wp-json\/wp\/v2\/types\/page"}],"author":[{"embeddable":true,"href":"https:\/\/guinguetteetc.com\/index.php\/wp-json\/wp\/v2\/users\/1"}],"replies":[{"embeddable":true,"href":"https:\/\/guinguetteetc.com\/index.php\/wp-json\/wp\/v2\/comments?post=14"}],"version-history":[{"count":16,"href":"https:\/\/guinguetteetc.com\/index.php\/wp-json\/wp\/v2\/pages\/14\/revisions"}],"predecessor-version":[{"id":622,"href":"https:\/\/guinguetteetc.com\/index.php\/wp-json\/wp\/v2\/pages\/14\/revisions\/622"}],"wp:attachment":[{"href":"https:\/\/guinguetteetc.com\/index.php\/wp-json\/wp\/v2\/media?parent=14"}],"curies":[{"name":"wp","href":"https:\/\/api.w.org\/{rel}","templated":true}]}}